{"id":7651,"date":"2023-09-19T21:33:52","date_gmt":"2023-09-19T21:33:52","guid":{"rendered":"https:\/\/goon.com.mx\/?page_id=7651"},"modified":"2023-09-19T22:12:36","modified_gmt":"2023-09-19T22:12:36","slug":"contacto-para-demo","status":"publish","type":"page","link":"https:\/\/goon.com.mx\/index.php\/contacto-para-demo\/","title":{"rendered":"Contacto para Demo"},"content":{"rendered":"\t\t<div data-elementor-type=\"wp-page\" data-elementor-id=\"7651\" class=\"elementor elementor-7651\">\n\t\t\t\t\t\t\t\t\t<section class=\"elementor-section elementor-top-section elementor-element elementor-element-2df998a elementor-section-boxed elementor-section-height-default elementor-section-height-default\" data-id=\"2df998a\" data-element_type=\"section\">\n\t\t\t\t\t\t<div class=\"elementor-container elementor-column-gap-default\">\n\t\t\t\t\t<div class=\"elementor-column elementor-col-100 elementor-top-column elementor-element elementor-element-d6ebd3c\" data-id=\"d6ebd3c\" data-element_type=\"column\">\n\t\t\t<div class=\"elementor-widget-wrap elementor-element-populated\">\n\t\t\t\t\t\t\t\t<div class=\"elementor-element elementor-element-046d071 elementor-widget elementor-widget-vc_custom_heading\" data-id=\"046d071\" data-element_type=\"widget\" data-widget_type=\"vc_custom_heading.default\">\n\t\t\t\t<div class=\"elementor-widget-container\">\n\t\t\t<div class=\" vc_custom_heading  consulting_heading_font  text_align_left\" ><h2 style=\"text-align: left\" class=\"consulting-custom-title\">\u00bfQuieres probar GO-ON ERP?\n<\/h2><\/div>\t\t<\/div>\n\t\t\t\t<\/div>\n\t\t\t\t\t<\/div>\n\t\t<\/div>\n\t\t\t\t\t\t\t<\/div>\n\t\t<\/section>\n\t\t\t\t<section class=\"elementor-section elementor-top-section elementor-element elementor-element-0e97d5f elementor-section-boxed elementor-section-height-default elementor-section-height-default\" data-id=\"0e97d5f\" data-element_type=\"section\">\n\t\t\t\t\t\t<div class=\"elementor-container elementor-column-gap-default\">\n\t\t\t\t\t<div class=\"elementor-column elementor-col-33 elementor-top-column elementor-element elementor-element-a87f834\" data-id=\"a87f834\" data-element_type=\"column\">\n\t\t\t<div class=\"elementor-widget-wrap elementor-element-populated\">\n\t\t\t\t\t\t\t\t<div class=\"elementor-element elementor-element-5bd34ac elementor-widget elementor-widget-text-editor\" data-id=\"5bd34ac\" data-element_type=\"widget\" data-widget_type=\"text-editor.default\">\n\t\t\t\t<div class=\"elementor-widget-container\">\n\t\t\t<style>\/*! elementor - v3.16.0 - 14-09-2023 *\/\n.elementor-widget-text-editor.elementor-drop-cap-view-stacked .elementor-drop-cap{background-color:#69727d;color:#fff}.elementor-widget-text-editor.elementor-drop-cap-view-framed .elementor-drop-cap{color:#69727d;border:3px solid;background-color:transparent}.elementor-widget-text-editor:not(.elementor-drop-cap-view-default) .elementor-drop-cap{margin-top:8px}.elementor-widget-text-editor:not(.elementor-drop-cap-view-default) .elementor-drop-cap-letter{width:1em;height:1em}.elementor-widget-text-editor .elementor-drop-cap{float:left;text-align:center;line-height:1;font-size:50px}.elementor-widget-text-editor .elementor-drop-cap-letter{display:inline-block}<\/style>\t\t\t\t<p>Ay\u00fadanos con tus datos y en breve te daremos acceso a una demo para que lo conozcas. Con mucho gusto te ayudaremos a descubrir lo pronto que puede funcionar para tu empresa.<\/p>\n<p>\u00a0<\/p>\n<p>Facturaci\u00f3n 4.0 y Contabilidad Electr\u00f3nica F\u00e1cil. Todo en una misma soluci\u00f3n.<\/p>\n<p>\u00a0<\/p>\n<p>El Software mexicano para empresas mexicanas.<\/p>\n\t\t\t\t\t\t<\/div>\n\t\t\t\t<\/div>\n\t\t\t\t\t<\/div>\n\t\t<\/div>\n\t\t\t\t<div class=\"elementor-column elementor-col-33 elementor-top-column elementor-element elementor-element-6f7459d\" data-id=\"6f7459d\" data-element_type=\"column\">\n\t\t\t<div class=\"elementor-widget-wrap\">\n\t\t\t\t\t\t\t\t\t<\/div>\n\t\t<\/div>\n\t\t\t\t<div class=\"elementor-column elementor-col-33 elementor-top-column elementor-element elementor-element-2c53148\" data-id=\"2c53148\" data-element_type=\"column\">\n\t\t\t<div class=\"elementor-widget-wrap elementor-element-populated\">\n\t\t\t\t\t\t\t\t<div class=\"elementor-element elementor-element-c993c8c elementor-widget elementor-widget-shortcode\" data-id=\"c993c8c\" data-element_type=\"widget\" data-widget_type=\"shortcode.default\">\n\t\t\t\t<div class=\"elementor-widget-container\">\n\t\t\t\t\t<div class=\"elementor-shortcode\">\n<div class=\"wpcf7 no-js\" id=\"wpcf7-f7650-o1\" lang=\"en-US\" dir=\"ltr\">\n<div class=\"screen-reader-response\"><p role=\"status\" aria-live=\"polite\" aria-atomic=\"true\"><\/p> <ul><\/ul><\/div>\n<form action=\"\/index.php\/wp-json\/wp\/v2\/pages\/7651#wpcf7-f7650-o1\" method=\"post\" class=\"wpcf7-form init\" aria-label=\"Contact form\" novalidate=\"novalidate\" data-status=\"init\">\n<div style=\"display: none;\">\n<input type=\"hidden\" name=\"_wpcf7\" value=\"7650\" \/>\n<input type=\"hidden\" name=\"_wpcf7_version\" value=\"5.8.7\" \/>\n<input type=\"hidden\" name=\"_wpcf7_locale\" value=\"en_US\" \/>\n<input type=\"hidden\" name=\"_wpcf7_unit_tag\" value=\"wpcf7-f7650-o1\" \/>\n<input type=\"hidden\" name=\"_wpcf7_container_post\" value=\"0\" \/>\n<input type=\"hidden\" name=\"_wpcf7_posted_data_hash\" value=\"\" \/>\n<\/div>\n<div class=\"request_callback\">\n    <div class=\"row\">\n        <div class=\"col-lg-6 col-md-6 col-sm-6 col-xs-12\">\n            <div class=\"input-group\">\n                <span class=\"wpcf7-form-control-wrap\" data-name=\"text-name\"><input size=\"40\" class=\"wpcf7-form-control wpcf7-text wpcf7-validates-as-required\" aria-required=\"true\" aria-invalid=\"false\" placeholder=\"Nombre *\" value=\"\" type=\"text\" name=\"text-name\" \/><\/span>\n            <\/div>\n            <div class=\"input-group\">\n                <span class=\"wpcf7-form-control-wrap\" data-name=\"title\"><input size=\"40\" class=\"wpcf7-form-control wpcf7-text\" aria-invalid=\"false\" placeholder=\"Cargo\" value=\"\" type=\"text\" name=\"title\" \/><\/span>\n            <\/div>\n            <div class=\"input-group\">\n                <span class=\"wpcf7-form-control-wrap\" data-name=\"company\"><input size=\"40\" class=\"wpcf7-form-control wpcf7-text\" aria-invalid=\"false\" placeholder=\"Compa\u00f1\u00eda\" value=\"\" type=\"text\" name=\"company\" \/><\/span>\n            <\/div>\n            <div class=\"input-group\">\n                <span class=\"wpcf7-form-control-wrap\" data-name=\"email\"><input size=\"40\" class=\"wpcf7-form-control wpcf7-email wpcf7-validates-as-required wpcf7-text wpcf7-validates-as-email\" aria-required=\"true\" aria-invalid=\"false\" placeholder=\"E-mail *\" value=\"\" type=\"email\" name=\"email\" \/><\/span>\n            <\/div>\n        <\/div>\n        <div class=\"col-lg-6 col-md-6 col-sm-6 col-xs-12\">\n            <div class=\"input-group\">\n                <span class=\"wpcf7-form-control-wrap\" data-name=\"menu-363\"><select class=\"wpcf7-form-control wpcf7-select wpcf7-validates-as-required\" aria-required=\"true\" aria-invalid=\"false\" name=\"menu-363\"><option value=\"\">\u00c1rea de Inter\u00e9s *<\/option><option value=\"ERP\">ERP<\/option><option value=\"Solicitud de Servicios\">Solicitud de Servicios<\/option><option value=\"Soporte\">Soporte<\/option><option value=\"Centro de Entretenimiento\">Centro de Entretenimiento<\/option><option value=\"Operadora de Estacionamientos\">Operadora de Estacionamientos<\/option><option value=\"Expediente Cl\u00ednico\">Expediente Cl\u00ednico<\/option><\/select><\/span>\n            <\/div>\n            <div class=\"input-group\">\n                <span class=\"wpcf7-form-control-wrap\" data-name=\"subject\"><input size=\"40\" class=\"wpcf7-form-control wpcf7-text wpcf7-validates-as-required\" aria-required=\"true\" aria-invalid=\"false\" placeholder=\"Asunto *\" value=\"\" type=\"text\" name=\"subject\" \/><\/span>\n            <\/div>\n            <div class=\"input-group\">\n                <span class=\"wpcf7-form-control-wrap\" data-name=\"message\"><textarea cols=\"40\" rows=\"10\" class=\"wpcf7-form-control wpcf7-textarea wpcf7-validates-as-required\" aria-required=\"true\" aria-invalid=\"false\" placeholder=\"Tu Mensaje *\" name=\"message\"><\/textarea><\/span>\n            <\/div>\n            <div class=\"input-group\">\n                <button type=\"submit\" class=\"button size-lg icon_right\">enviar <i class=\"fa fa-chevron-right\"><\/i><\/button>\n            <\/div>\n        <\/div>\n    <\/div>\n<\/div><div class=\"wpcf7-response-output\" aria-hidden=\"true\"><\/div>\n<\/form>\n<\/div>\n<\/div>\n\t\t\t\t<\/div>\n\t\t\t\t<\/div>\n\t\t\t\t\t<\/div>\n\t\t<\/div>\n\t\t\t\t\t\t\t<\/div>\n\t\t<\/section>\n\t\t\t\t\t\t\t<\/div>\n\t\t","protected":false},"excerpt":{"rendered":"<p>\u00bfQuieres probar GO-ON ERP? Ay\u00fadanos con tus datos y en breve te daremos acceso a una demo para que lo conozcas. Con mucho gusto te ayudaremos a descubrir lo pronto que puede funcionar para tu empresa. \u00a0 Facturaci\u00f3n 4.0 y Contabilidad Electr\u00f3nica F\u00e1cil. Todo en una misma soluci\u00f3n. \u00a0 El Software mexicano para empresas mexicanas.<\/p>\n","protected":false},"author":1,"featured_media":0,"parent":0,"menu_order":0,"comment_status":"closed","ping_status":"closed","template":"","meta":{"footnotes":""},"class_list":["post-7651","page","type-page","status-publish","hentry"],"yoast_head":"<!-- This site is optimized with the Yoast SEO plugin v22.1 - https:\/\/yoast.com\/wordpress\/plugins\/seo\/ -->\n<title>Contacto para Demo - GO-ON<\/title>\n<meta name=\"robots\" content=\"index, follow, max-snippet:-1, max-image-preview:large, max-video-preview:-1\" \/>\n<link rel=\"canonical\" href=\"https:\/\/goon.com.mx\/index.php\/contacto-para-demo\/\" \/>\n<meta property=\"og:locale\" content=\"es_MX\" \/>\n<meta property=\"og:type\" content=\"article\" \/>\n<meta property=\"og:title\" content=\"Contacto para Demo - GO-ON\" \/>\n<meta property=\"og:description\" content=\"\u00bfQuieres probar GO-ON ERP? Ay\u00fadanos con tus datos y en breve te daremos acceso a una demo para que lo conozcas. Con mucho gusto te ayudaremos a descubrir lo pronto que puede funcionar para tu empresa. \u00a0 Facturaci\u00f3n 4.0 y Contabilidad Electr\u00f3nica F\u00e1cil. Todo en una misma soluci\u00f3n. \u00a0 El Software mexicano para empresas mexicanas.\" \/>\n<meta property=\"og:url\" content=\"https:\/\/goon.com.mx\/index.php\/contacto-para-demo\/\" \/>\n<meta property=\"og:site_name\" content=\"GO-ON\" \/>\n<meta property=\"article:publisher\" content=\"https:\/\/www.facebook.com\/profile.php?id=61553993902053\" \/>\n<meta property=\"article:modified_time\" content=\"2023-09-19T22:12:36+00:00\" \/>\n<meta name=\"twitter:card\" content=\"summary_large_image\" \/>\n<script type=\"application\/ld+json\" class=\"yoast-schema-graph\">{\"@context\":\"https:\/\/schema.org\",\"@graph\":[{\"@type\":\"WebPage\",\"@id\":\"https:\/\/goon.com.mx\/index.php\/contacto-para-demo\/\",\"url\":\"https:\/\/goon.com.mx\/index.php\/contacto-para-demo\/\",\"name\":\"Contacto para Demo - GO-ON\",\"isPartOf\":{\"@id\":\"https:\/\/goon.com.mx\/#website\"},\"datePublished\":\"2023-09-19T21:33:52+00:00\",\"dateModified\":\"2023-09-19T22:12:36+00:00\",\"breadcrumb\":{\"@id\":\"https:\/\/goon.com.mx\/index.php\/contacto-para-demo\/#breadcrumb\"},\"inLanguage\":\"es\",\"potentialAction\":[{\"@type\":\"ReadAction\",\"target\":[\"https:\/\/goon.com.mx\/index.php\/contacto-para-demo\/\"]}]},{\"@type\":\"BreadcrumbList\",\"@id\":\"https:\/\/goon.com.mx\/index.php\/contacto-para-demo\/#breadcrumb\",\"itemListElement\":[{\"@type\":\"ListItem\",\"position\":1,\"name\":\"Inicio\",\"item\":\"https:\/\/goon.com.mx\/\"},{\"@type\":\"ListItem\",\"position\":2,\"name\":\"Contacto para Demo\"}]},{\"@type\":\"WebSite\",\"@id\":\"https:\/\/goon.com.mx\/#website\",\"url\":\"https:\/\/goon.com.mx\/\",\"name\":\"GO-ON\",\"description\":\"ERP y tecnolog\u00eda al alcance de todos\",\"publisher\":{\"@id\":\"https:\/\/goon.com.mx\/#organization\"},\"alternateName\":\"GO-ON\",\"potentialAction\":[{\"@type\":\"SearchAction\",\"target\":{\"@type\":\"EntryPoint\",\"urlTemplate\":\"https:\/\/goon.com.mx\/?s={search_term_string}\"},\"query-input\":\"required name=search_term_string\"}],\"inLanguage\":\"es\"},{\"@type\":\"Organization\",\"@id\":\"https:\/\/goon.com.mx\/#organization\",\"name\":\"GO-ON Soluciones\",\"alternateName\":\"GO-ON\",\"url\":\"https:\/\/goon.com.mx\/\",\"logo\":{\"@type\":\"ImageObject\",\"inLanguage\":\"es\",\"@id\":\"https:\/\/goon.com.mx\/#\/schema\/logo\/image\/\",\"url\":\"\",\"contentUrl\":\"\",\"caption\":\"GO-ON Soluciones\"},\"image\":{\"@id\":\"https:\/\/goon.com.mx\/#\/schema\/logo\/image\/\"},\"sameAs\":[\"https:\/\/www.facebook.com\/profile.php?id=61553993902053\",\"https:\/\/www.linkedin.com\/company\/90404358\/admin\/feed\/posts\/\"]}]}<\/script>\n<!-- \/ Yoast SEO plugin. -->","yoast_head_json":{"title":"Contacto para Demo - GO-ON","robots":{"index":"index","follow":"follow","max-snippet":"max-snippet:-1","max-image-preview":"max-image-preview:large","max-video-preview":"max-video-preview:-1"},"canonical":"https:\/\/goon.com.mx\/index.php\/contacto-para-demo\/","og_locale":"es_MX","og_type":"article","og_title":"Contacto para Demo - GO-ON","og_description":"\u00bfQuieres probar GO-ON ERP? Ay\u00fadanos con tus datos y en breve te daremos acceso a una demo para que lo conozcas. Con mucho gusto te ayudaremos a descubrir lo pronto que puede funcionar para tu empresa. \u00a0 Facturaci\u00f3n 4.0 y Contabilidad Electr\u00f3nica F\u00e1cil. Todo en una misma soluci\u00f3n. \u00a0 El Software mexicano para empresas mexicanas.","og_url":"https:\/\/goon.com.mx\/index.php\/contacto-para-demo\/","og_site_name":"GO-ON","article_publisher":"https:\/\/www.facebook.com\/profile.php?id=61553993902053","article_modified_time":"2023-09-19T22:12:36+00:00","twitter_card":"summary_large_image","schema":{"@context":"https:\/\/schema.org","@graph":[{"@type":"WebPage","@id":"https:\/\/goon.com.mx\/index.php\/contacto-para-demo\/","url":"https:\/\/goon.com.mx\/index.php\/contacto-para-demo\/","name":"Contacto para Demo - GO-ON","isPartOf":{"@id":"https:\/\/goon.com.mx\/#website"},"datePublished":"2023-09-19T21:33:52+00:00","dateModified":"2023-09-19T22:12:36+00:00","breadcrumb":{"@id":"https:\/\/goon.com.mx\/index.php\/contacto-para-demo\/#breadcrumb"},"inLanguage":"es","potentialAction":[{"@type":"ReadAction","target":["https:\/\/goon.com.mx\/index.php\/contacto-para-demo\/"]}]},{"@type":"BreadcrumbList","@id":"https:\/\/goon.com.mx\/index.php\/contacto-para-demo\/#breadcrumb","itemListElement":[{"@type":"ListItem","position":1,"name":"Inicio","item":"https:\/\/goon.com.mx\/"},{"@type":"ListItem","position":2,"name":"Contacto para Demo"}]},{"@type":"WebSite","@id":"https:\/\/goon.com.mx\/#website","url":"https:\/\/goon.com.mx\/","name":"GO-ON","description":"ERP y tecnolog\u00eda al alcance de todos","publisher":{"@id":"https:\/\/goon.com.mx\/#organization"},"alternateName":"GO-ON","potentialAction":[{"@type":"SearchAction","target":{"@type":"EntryPoint","urlTemplate":"https:\/\/goon.com.mx\/?s={search_term_string}"},"query-input":"required name=search_term_string"}],"inLanguage":"es"},{"@type":"Organization","@id":"https:\/\/goon.com.mx\/#organization","name":"GO-ON Soluciones","alternateName":"GO-ON","url":"https:\/\/goon.com.mx\/","logo":{"@type":"ImageObject","inLanguage":"es","@id":"https:\/\/goon.com.mx\/#\/schema\/logo\/image\/","url":"","contentUrl":"","caption":"GO-ON Soluciones"},"image":{"@id":"https:\/\/goon.com.mx\/#\/schema\/logo\/image\/"},"sameAs":["https:\/\/www.facebook.com\/profile.php?id=61553993902053","https:\/\/www.linkedin.com\/company\/90404358\/admin\/feed\/posts\/"]}]}},"_links":{"self":[{"href":"https:\/\/goon.com.mx\/index.php\/wp-json\/wp\/v2\/pages\/7651","targetHints":{"allow":["GET"]}}],"collection":[{"href":"https:\/\/goon.com.mx\/index.php\/wp-json\/wp\/v2\/pages"}],"about":[{"href":"https:\/\/goon.com.mx\/index.php\/wp-json\/wp\/v2\/types\/page"}],"author":[{"embeddable":true,"href":"https:\/\/goon.com.mx\/index.php\/wp-json\/wp\/v2\/users\/1"}],"replies":[{"embeddable":true,"href":"https:\/\/goon.com.mx\/index.php\/wp-json\/wp\/v2\/comments?post=7651"}],"version-history":[{"count":13,"href":"https:\/\/goon.com.mx\/index.php\/wp-json\/wp\/v2\/pages\/7651\/revisions"}],"predecessor-version":[{"id":7676,"href":"https:\/\/goon.com.mx\/index.php\/wp-json\/wp\/v2\/pages\/7651\/revisions\/7676"}],"wp:attachment":[{"href":"https:\/\/goon.com.mx\/index.php\/wp-json\/wp\/v2\/media?parent=7651"}],"curies":[{"name":"wp","href":"https:\/\/api.w.org\/{rel}","templated":true}]}}